3*s - 2762, -s + 2750 = -4*j. What is the hundreds digit of s?
7
Suppose 0 = -4*i - 5*c + 2, 3*i - 3*c + 5*c = 5. Suppose i*n = -2*n + 410. What is the units digit of n?
2
What is the units digit of 78/(-13) - (-145 + -1)?
0
Suppose 4*r - 12 = 0, 2*r - 644 = -3*l + 874. What is the units digit of l?
4
Let b(r) = -r**2 + r. Let y be b(6). Let t be (12/(-10))/((-9)/y). What is the units digit of 4/(-2 - (t - 0))?
2
Let m be (20/(-15))/(4/(-9)). Suppose 0 = 11*y - m*y + 16. What is the tens digit of ((-2)/(-6))/(y/(-228))?
3
Suppose -8810 = 348*d - 358*d. What is the units digit of d?
1
Let j = -31 + 90. Let t be -9 - (-11 - -7) - -7. Suppose -t*x + j = 9. What is the units digit of x?
5
Suppose 34 - 2 = 4*x. Let z = x + -6. Suppose z*o - 32 + 6 = 0. What is the tens digit of o?
1
Suppose 2*u - 443 = -111. Let a = u - -63. What is the units digit of a?
9
Let b(a) be the first derivative of 27*a**2 - 4*a + 36. What is the tens digit of b(2)?
0
What is the hundreds digit of -5*(246792/30)/(-14)?
9
Let v(m) = m**2 - 12*m + 15. Suppose 4*z - 2*u + 7*u - 45 = 0, -2*z + 3*u = -17. Let k be v(z). What is the units digit of (28 + -1)*k/(-15)?
9
Let h = -9 - -14. What is the tens digit of (-10)/(-25)*30*h?
6
Let o = 3622 + -1524. What is the thousands digit of o?
2
Suppose -7*p + 3*p = 4. Let y(g) = 6*g**3 - 27*g**2. Let m(k) = k**3 - 4*k**2. Let h(z) = -27*m(z) + 4*y(z). What is the units digit of h(p)?
3
Suppose -o - 2*o = -12. Let t be -1 + (1 - -3) - o. What is the units digit of ((-15)/(-6) - t)*10?
5
Let s(w) = 69*w - 10. What is the units digit of s(2)?
8
Let p = 68 - -73. What is the units digit of p?
1
Suppose -4*p - 50 = 3*v, -4*p = -3*p - 3*v + 5. Let i(x) = -x - 7. Let c be i(p). Suppose 0 = -4*g - 20, -4*m + g - c*g + 253 = 0. What is the units digit of m?
7
What is the hundreds digit of (62/(-93))/(5/((-63405)/6))?
4
Let y = 17 + -15. Suppose r = -y*r. What is the units digit of -1*(71/(-1) + r)?
1
Let z = -21 + 11. Let g = 9 + z. What is the units digit of -4*g/4 - -2?
3
Suppose 6*n + 2159 = 7229. What is the hundreds digit of n?
8
Let n(l) = 22*l - 13. Let p be n(-10). Let k = -162 - p. What is the tens digit of k?
7
Let k be 1 - (3 + -171)/(-4). Let t = -27 - k. Suppose -5*h - 4*j = -50, j + t = h + 4. What is the tens digit of h?
1
Suppose -2019 = s + 3*b - 5901, 2*s - 7749 = -b. What is the thousands digit of s?
3
Let o = -15 - -1526. What is the units digit of o?
1
Let s = -237 - -544. What is the tens digit of s?
0
Let u(k) = -3 - 7 + 4*k**2 + 2 - 6*k. What is the hundreds digit of u(8)?
2
Let z(l) = -2*l**2 + 2. Let p be z(-1). What is the units digit of 2 - -1*(-2 + p + 8)?
8
Let x = 640 + -368. What is the hundreds digit of x?
2
Let z(a) = -a**2 - 21*a + 3. Let l be z(-21). Suppose 5*j - l*n = 907, 0 = -2*j + 3*j + n - 175. What is the units digit of j?
9
Let u be 68/8*(6/(-3) + -8). Let a = -88 + 48. Let i = a - u. What is the tens digit of i?
4
Let h be 4*1 + 25/(-5) + 321. Let y = -153 + h. What is the units digit of y?
7
Let a be 1/(-2)*(4 - 6). Let d = 2 + a. Suppose 13 = d*m - 5. What is the units digit of m?
6
Let o = 15 - 12. Let a be (-2 - 6)/4 + o. What is the units digit of a + 0 - (-10)/2?
6
Suppose 5*a - 10 = 0, -w - 4*a = -0*w - 19. Suppose -w*q - 2 = -12*q. Suppose -3*u + 20 = q*u. What is the units digit of u?
4
Let a = 1 - -2. Suppose a*d - 67 = 95. Let v = -28 + d. What is the units digit of v?
6
Let z = 43 - 33. Suppose -5*o + 5 = -z. What is the units digit of o?
3
Let x(w) be the first derivative of 4*w**3 - 1/4*w**4 + 3 - 1/2*w**2 + 14*w. What is the units digit of x(12)?
2
Let m(a) = -a**2 + 44*a - 116. What is the tens digit of m(33)?
4
Suppose 5*r - 698 = 2*h, -2*r - 5*h = 2*r - 565. Let q be (-4)/14 - 8640/r. Let c = 107 + q. What is the tens digit of c?
4
Suppose -40 = -i - 3*i - 4*l, i - 10 = 4*l. Let j be 4/(-10) + (-36)/i. What is the units digit of 4 - j/(8/26)?
7
Suppose -15*m + 6039 = 18*m. What is the tens digit of m?
8
Suppose -2*a = 4*m - 4, -m = -0*m + a + 1. Suppose -m*w + 429 = 90. What is the hundreds digit of w?
1
Let o(s) = s**3 - 5*s + 2. Let m be o(3). Suppose -15*d + m*d = -140. What is the tens digit of d?
4
Let g(x) = 2*x**2 + 2*x + 1. Let a be g(2). Suppose 5*d - 4*u = -2*u - 31, -9 = 3*d + 2*u. Let b = d + a. What is the units digit of b?
8
Suppose -794 = 13*y - 34672. What is the tens digit of y?
0
Let r be 105/6*(-12)/(-15). Let f be (-32)/112 + 1138/r. What is the tens digit of -13 + f - (-1)/(-1)?
6
Suppose 2*z - 4 = -0. Let n(v) = 14*v + 2. Let g be n(z). Suppose g = -h + 3*h. What is the tens digit of h?
1
Suppose 2*t + 2*h - 10 = 6*t, -4*t - h + 5 = 0. Let g = 9 + t. What is the units digit of g?
9
Let i(c) = c**3 - 7*c**2 - 8*c - 3. Let g = 30 + -21. Let z be i(g). Suppose 4*d - 107 = -r - 29, -5*d + 4*r = -z. What is the units digit of d?
9
Suppose -21*t + 23*t - 8 = 0. Let a(c) = -3*c**2 + 6. Let s(r) = 7*r**2 + r - 11. Let l(j) = t*s(j) + 9*a(j). What is the units digit of l(-7)?
1
Let j(l) = -14*l**3 + 2*l**2 + 2*l - 1. Let u be 3 - 1 - (1 + -1). Let b(f) = -f**3 + f**2. Let z(x) = u*b(x) - j(x). What is the units digit of z(1)?
1
Let j(p) = p**3 + 10*p**2 - 16*p - 4. Let g be j(-11). What is the units digit of ((-85)/g)/(2/36*-5)?
6
What is the tens digit of (-8)/16 + (-2213)/(-2)?
0
Suppose 22*f = 26*f + 3*m - 7573, -5*f - m + 9458 = 0. What is the thousands digit of f?
1
Let z(a) = -3*a**3 - 23*a**2 - 8*a - 15. What is the tens digit of z(-12)?
5
Let a(b) = 13*b - 41. What is the tens digit of a(4)?
1
What is the thousands digit of 2*-2*5350/(-20)?
1
Suppose 11*d = 6*d. What is the units digit of -116*3/(-6) + d?
8
Let v(u) = u**2 + u - 1. Let p(b) = 4*b**2 + 9*b + 2. Let o(n) = p(n) - 3*v(n). Let a(r) = r**2 - 10*r + 13. Let l be a(7). What is the units digit of o(l)?
1
Suppose -b + 190 = -380. What is the hundreds digit of b?
5
Let u = -56 + 56. Suppose 5*g = -4*y + 398, g + 2*y - 76 = -u*g. What is the units digit of g?
2
Let u(n) = 8*n - 15. Suppose 0*c = c + 4*m - 28, -3*c = -3*m - 24. Suppose -2*q + c = -0*q. What is the tens digit of u(q)?
3
Suppose -2*a + 4*v = -5*a + 1885, 0 = -2*a - 2*v + 1256. What is the hundreds digit of a?
6
Let a = 1928 + -1363. What is the tens digit of a?
6
Let m(c) = -7*c + 66. What is the tens digit of m(-26)?
4
Let s be 5*(-5)/((-15)/123). Suppose 95 = 5*h - s. What is the tens digit of h?
6
Let f(t) = 7 - 3*t**2 + t**2 + t + 7*t**2 - 6*t. What is the units digit of f(4)?
7
Suppose 0 = -2*i + 138 + 186. What is the tens digit of i?
6
What is the tens digit of (72/20)/(2 + 5811/(-2910))?
6
Suppose -2*i = -5*x - 1727, 7*i + 5*x = 2*i + 4405. What is the hundreds digit of i?
8
Let t be -2 - (-12)/(-2)*5. Let i = t + 28. Let c(v) = -v**3 - v**2 - 5*v - 6. What is the units digit of c(i)?
2
What is the thousands digit of -27*(6742/(-66) - 12/66)?
2
Suppose -2*h = -2*y + 96 + 108, 4*y = 3*h + 409. What is the tens digit of y?
0
What is the hundreds digit of -3*((-2362)/(-5))/((-54)/90)?
3
Let u = -66 - -70. Suppose 0 = -3*p + u*p - 2*o - 200, o = -5*p + 1055. What is the units digit of p?
0
Let h = -1 - 2. Let v be (-516)/8*4/h. Suppose 5*b - 3*b = v. What is the units digit of b?
3
Let n(u) = -u**3 - 21*u**2 - 8 + 21*u**2 + 8*u**2 - 3*u. Let h(y) = y**3 - y**2 - y + 6. Let l be h(0). What is the tens digit of n(l)?
4
Suppose -5*s + 4*s + 55 = 0. Let c = s - -21. What is the tens digit of c?
7
Suppose -4*l = 5*b - 779, 4*l + 2*b - 789 = -b. Suppose l = -14*w + 15*w. What is the units digit of w?
1
Suppose -3*g + 0*g + 45 = 0. Let f = -22 + g. What is the tens digit of 4/14 - 166/f?
2
Let a(i) = -i. Let v be a(14). Let q = 22 + v. What is the tens digit of q*((-2)/(-4) - -1)?
1
What is the tens digit of (15/(-10))/((-1)/166)?
4
Suppose 2*v - 208 = -0*v. Let o be 1*v/(1 + 1). Suppose 5*u + 3*l = 55, 2*l = -2*u + 5*u - o. What is the units digit of u?
4
Let l be (-3)/(12/1940)*(-2)/5. Suppose 3*q - l = 211. What is the hundreds digit of q?
1
Let c be (-20)/((-4 - -1)*(-24)/(-36)). Let t = -10 - -7. Let n = t + c. What is the units digit of n?
7
Let w be (-6)/24 + (-233)/(-4). Let c = 93 - w. What is the tens digit of c?
3
Let o(b) = -b**2 - 1. Let n(c) = -4*c**2. Let i(l) = -n(l) - 5*o(l). What is the hundreds digit of i(-4)?
1
Let s be